
False
Is 1522694 a multiple of 23?
False
Does 5 divide 49256?
False
Is 154432 a multiple of 16?
True
Is 243877 a multiple of 9?
False
Does 9 divide 86818?
False
Is 890261 a multiple of 2?
False
Is 295 a factor of 100890?
True
Is 6 a factor of 1097814?
True
Is 10 a factor of 8079470?
True
Does 5 divide 1235310?
True
Is 631505 a multiple of 1395?
False
Is 3386747 a multiple of 3?
False
Is 36 a factor of 455048?
False
Is 65 a factor of 2998454?
False
Is 507 a factor of 24464705?
False
Is 22022140 a multiple of 646?
True
Does 15 divide 143732?
False
Is 9 a factor of 332019?
True
Is 310 a factor of 219790?
True
Is 316 a factor of 14220?
True
Does 57 divide 39159?
True
Is 5269205 a multiple of 263?
True
Is 51 a factor of 2060184?
False
Does 2 divide 1289?
False
Is 13 a factor of 1475422?
True
Does 412 divide 3544848?
True
Is 360266 a multiple of 61?
True
Is 25 a factor of 645925?
True
Does 653 divide 994519?
True
Is 77 a factor of 190267?
True
Does 8 divide 35555?
False
Does 309 divide 133321?
False
Is 151 a factor of 602409?
False
Is 703600 a multiple of 80?
True
Does 19 divide 463482?
False
Is 243534 a multiple of 111?
True
Does 36 divide 63648?
True
Is 20 a factor of 349402?
False
Is 80 a factor of 4199120?
True
Is 34 a factor of 42660?
False
Is 1580991 a multiple of 62?
False
Is 340342 a multiple of 449?
True
Does 582 divide 299148?
True
Is 28 a factor of 1655696?
True
Is 14 a factor of 146455?
False
Does 536 divide 244416?
True
Is 1595 a factor of 4178917?
False
Does 4 divide 2833903?
False
Is 13 a factor of 7103022?
False
Does 26 divide 18059678?
True
Is 3076276 a multiple of 28?
True
Is 280664 a multiple of 50?
False
Does 243 divide 249202?
False
Is 6751 a multiple of 18?
False
Is 50 a factor of 7874478?
False
Is 46362 a multiple of 16?
False
Is 477480 a multiple of 115?
True
Does 34 divide 6930050?
True
Is 15 a factor of 87894?
False
Is 384 a factor of 209661?
False
Is 15 a factor of 134584?
False
Is 245403 a multiple of 190?
False
Does 19 divide 241471?
True
Is 2662393 a multiple of 247?
False
Does 15 divide 3415470?
True
Is 48 a factor of 349056?
True
Does 152 divide 213082?
False
Is 506175 a multiple of 3?
True
Is 59750 a multiple of 39?
False
Is 323 a factor of 12798552?
True
Is 6707375 a multiple of 182?
False
Is 65824 a multiple of 4?
True
Does 52 divide 3243944?
False
Does 108 divide 243670?
False
Is 138426 a multiple of 12?
False
Is 588 a factor of 2022132?
True
Is 1650 a factor of 4401705?
False
Is 10 a factor of 541750?
True
Is 48 a factor of 354912?
True
Is 4358802 a multiple of 59?
True
Is 32 a factor of 201536?
True
Is 55 a factor of 1120944?
False
Does 204 divide 7604990?
False
Is 1789 a factor of 13297637?
True
Is 659 a factor of 6123428?
True
Does 87 divide 1881500?
False
Does 179 divide 2766041?
False
Does 40 divide 213736?
False
Does 11 divide 161865?
True
Does 135 divide 34560?
True
Is 6 a factor of 85534?
False
Is 10 a factor of 1725020?
True
Is 8408483 a multiple of 1523?
True
Is 15 a factor of 2591526?
False
Is 301 a factor of 687484?
True
Does 90 divide 27900?
True
Is 805632 a multiple of 768?
True
Does 10 divide 1380160?
True
Is 816843 a multiple of 229?
True
Does 21 divide 6436542?
True
Does 12 divide 2321606?
False
Is 1235255 a multiple of 343?
False
Does 17 divide 473688?
True
Is 172 a factor of 4007600?
True
Is 3542196 a multiple of 12?
True
Does 239 divide 268968?
False
Is 6 a factor of 2286607?
False
Is 116 a factor of 49532?
True
Is 264 a factor of 40169?
False
Is 1330913 a multiple of 17?
True
Is 892118 a multiple of 414?
False
Does 147 divide 1936137?
True
Is 2 a factor of 35317?
False
Is 1165308 a multiple of 162?
False
Is 1112080 a multiple of 333?
False
Is 4813356 a multiple of 12?
True
Is 1565451 a multiple of 43?
False
Does 187 divide 1340603?
True
Does 570 divide 2818419?
False
Does 839 divide 5668855?
False
Does 13 divide 723184?
False
Is 234 a factor of 9959742?
True
Is 495 a factor of 809847?
False
Does 5 divide 1343667?
False
Is 18 a factor of 1363500?
True
Is 467127 a multiple of 237?
True
Does 38 divide 40812?
True
Is 28333938 a multiple of 93?
True
Is 91 a factor of 59679?
False
Is 1113882 a multiple of 42?
True
Does 93 divide 4653724?
False
Is 31 a factor of 1597591?
False
Does 436 divide 129056?
True
Is 8174 a multiple of 37?
False
Is 222340 a multiple of 60?
False
Is 1272 a factor of 844210?
False
Is 26 a factor of 1139810?
False
Is 81966 a multiple of 57?
True
Is 17500592 a multiple of 622?
True
Is 217026 a multiple of 6?
True
Is 1650885 a multiple of 15?
True
Is 37 a factor of 14573708?
True
Is 73 a factor of 3532?
False
Is 22 a factor of 37255?
False
Does 21 divide 345168?
False
Is 4192440 a multiple of 46?
True
Is 62682 a multiple of 4?
False
Is 775433 a multiple of 19?
False
Is 6176692 a multiple of 139?
False
Is 296298 a multiple of 31?
True
Does 31 divide 723538?
False
Is 145956 a multiple of 41?
False
Is 15 a factor of 260970?
True
Is 128550 a multiple of 3?
True
Does 6 divide 39229?
False
Is 103 a factor of 370540?
False
Does 7 divide 7221?
False
Does 14 divide 3284524?
False
Is 11 a factor of 4073208?
False
Is 43447 a multiple of 5?
False
Does 55 divide 297567?
False
Does 805 divide 347760?
True
Is 688 a factor of 4659239?
False
Is 35 a factor of 56454?
False
Is 41 a factor of 340136?
True
Is 234 a factor of 485082?
True
Is 3 a factor of 91308?
True
Is 302949 a multiple of 123?
True
Does 60 divide 53677?
False
Does 11 divide 112992?
True
Is 283 a factor of 70184?
True
Is 1095417 a multiple of 9?
True
Is 2 a factor of 370917?
False
Does 366 divide 20867124?
True
Is 724164 a multiple of 444?
True
Is 493272 a multiple of 72?
True
Does 40 divide 324440?
True
Does 349 divide 34551?
True
Is 1340645 a multiple of 34?
False
Does 12 divide 114876?
True
Is 53609 a multiple of 40?
False
Is 41 a factor of 87455?
False
Is 73941 a multiple of 4?
False
Is 15 a factor of 48936?
False
Is 90 a factor of 2160?
True
Is 12835 a multiple of 34?
False
Is 193855 even?
False
Is 494240 a multiple of 16?
True
Is 529 a factor of 21155407?
False
Is 5 a factor of 87677?
False
Is 62532 a multiple of 36?
True
Is 83 a factor of 12031548?
False
Is 932405 a multiple of 12?
False
Is 287095 a multiple of 28?
False
Does 32 divide 3586400?
True
Is 1100434 a multiple of 58?
True
Is 395 a factor of 3154470?
True
Does 7 divide 58758?
True
Is 13736878 a multiple of 9?
False
Is 1330998 a multiple of 51?
True
Is 7157 a multiple of 4?
False
Is 11172 a multiple of 532?
True
Is 23 a factor of 843318?
True
Is 804917 a multiple of 219?
False
Does 439 divide 8958398?
False
Is 33189 a multiple of 37?
True
Is 1880 a factor of 8030641?
False
Is 79200 a multiple of 96?
True
Does 97 divide 3588515?
True
Is 664327 a multiple of 43?
False
Is 74008 a multiple of 88?
True
Does 48 divide 61792?
False
Does 197 divide 32594?
False
Is 988850 a multiple of 9?
False
Is 13160 a multiple of 20?
True
Is 48537 even?
False
Does 10 divide 280840?
True
Is 23506 a multiple of 14?
True
Is 32 a factor of 131104?
True
Is 399 a factor of 1226526?
True
Is 28444 a multiple of 52?
True
Is 14 a factor of 1380666?
True
Does 92 divide 9727156?
False
Is 62 a factor of 36956?
False
Is 254169 a multiple of 279?
True
Does 725 divide 2573750?
True
Is 727 a factor of 12164891?
True
Does 22 divide 9793872?
True
Is 202 a factor of 165654?
False
Does 842 divide 18933212?
True
Is 21316027 a multiple of 195?
False
Does 42 divide 18268705?
False
Is 405 a factor of 1960200?
True
Is 54 a factor of 101140?
False
Does 21 divide 60973?
False
Is 459795 a multiple of 15?
True
Does 90 divide 1075860?
True
Is 12 a factor of 2379672?
True
Is 59 a factor of 974029?
False
Does 57 divide 850160?
False
Is 12270 a multiple of 4?
False
Is 3212992 a multiple of 19?
False
Does 886 divide 3784460?
False
Is 5265776 a multiple of 20?
False
Does 104 divide 4121465?
False
Is 230490 a multiple of 195?
True
Does 107 divide 3866017?
True
Is 5522 a multiple of 11?
True
Is 1612378 a multiple of 151?
True
Is 1907140 a multiple of 668?
True
Is 1090320 a multiple of 30?
True
Does 13 divide 20228?
True
Is 626 a factor of 16243448?
True
Is 9 a factor of 5184848?
False
Does 10 divide 1983682?
False
Is 46 a factor of 6056?
False
Is 50016 a multiple of 369?
False
Does 30 divide 774000?
True
Does 14 divide 1